6*p - 45*p - 2 = 0. What are the prime factors of 100/p*(-1)/(2/(-2))?
2, 5
Let g(u) = u**3 - 11*u**2 + 7*u + 41. What are the prime factors of g(15)?
2, 523
Suppose -4*f = -f - 4*r - 8, 2*f + r = -13. Let w be ((-27)/(-18))/((-2)/f). Let a(p) = 3*p**2 + p + 1. What are the prime factors of a(w)?
31
Let b(f) = 52*f**2 - 9*f - 15. List the prime factors of b(-4).
853
Suppose -19*l = -6*l - 2184. What are the prime factors of l?
2, 3, 7
Suppose 0 = -2*z - 0*z + 454. Suppose 4*k - 175 = -3*q, 4*k = -k - q + z. List the prime factors of k.
2, 23
Let h(x) = 17*x**2 - 25*x + 13. List the prime factors of h(12).
2161
Let h be 486/10 - 10/(-25). Let b = -29 + h. List the prime factors of b.
2, 5
Suppose -43*l - 7308 = -64*l. What are the prime factors of l?
2, 3, 29
Let v = -33 + 39. Suppose -v*u + 140 = -76. List the prime factors of u.
2, 3
Let l = -2 - -4. Suppose -l*z + z = 0. Suppose -15 = -3*w - z*w. List the prime factors of w.
5
Suppose 19643 = 14*w - 6285. What are the prime factors of w?
2, 463
Suppose 3*g + 8*v = 3*v + 8407, -3*v + 11191 = 4*g. List the prime factors of g.
2, 11, 127
Let r(h) = -h**2 + 4*h + 3. Let j be r(-2). List the prime factors of (27 + j)/(0 - -1).
2, 3
Let r(j) = -j**3 - 7*j**2 + 6. Let d be r(-7). Suppose -d*u + 105 = -u. Suppose -4*c = -7*c + 5*y + 67, -c + 2*y + u = 0. List the prime factors of c.
29
Let m = -243 + 1743. List the prime factors of m.
2, 3, 5
Let x(b) = -b**3 + 14*b**2 - 12*b + 14. Let u be x(13). Suppose 0 = -5*z + 63 + u. List the prime factors of z.
2, 3
Let o = -134 - -189. Let f = 252 - o. Suppose f = 5*x - 38. What are the prime factors of x?
47
Let g(o) = 91*o + 28. List the prime factors of g(5).
3, 7, 23
Suppose -5*g + 3*k = -37, g - 2*k - k - 17 = 0. Suppose g*f + 3*v + 62 = -0*f, -2*f = -5*v. Let m = f + 14. List the prime factors of m.
2
Suppose -343 = -4*u + 5909. What are the prime factors of u?
3, 521
Let p(o) = 22*o. Suppose 0 = -4*k + 3 + 5. Suppose 0 = 4*z + 3*t - 23, -3*z + 2*t + k*t - 14 = 0. List the prime factors of p(z).
2, 11
Suppose -f + 1 = -1. Let s = 7 - f. Suppose 4 = -s*v + 69. List the prime factors of v.
13
Suppose 28*t - 24*t = 20. Suppose -5*h - 2*z = -248, -2*z + 256 = t*h + 2*z. What are the prime factors of h?
2, 3
Let m = -5188 + 7853. What are the prime factors of m?
5, 13, 41
Let k(s) = 660*s**3 - 2*s**2 + 7*s - 4. What are the prime factors of k(1)?
661
Suppose -c + w - 44 = -3*c, -w + 4 = 0. List the prime factors of (-30*1)/((-30)/c).
2, 5
Suppose 567*t + 53670 = 577*t. What are the prime factors of t?
3, 1789
Suppose 2*q + 7*b - 850 = 3*b, 5*q + 3*b = 2111. List the prime factors of q.
421
Suppose -7378 = -3*q + 2*b + 1875, 0 = -2*q + b + 6168. List the prime factors of q.
3083
Let a(x) = -x**3 + 10*x**2 - 16*x + 6. Let k be a(8). Let o be 10*(-1 - (-99)/k). Suppose 3*g = -2*g + o. What are the prime factors of g?
31
Suppose 2*d - 3 = 17. Suppose -k - k = -d. Suppose -k*s = -4*s - 29. What are the prime factors of s?
29
Suppose 5 = 5*h - 10. Suppose -h*l + 5 + 4 = 0. Let y(f) = 4*f + 1. What are the prime factors of y(l)?
13
Let h(b) = 19*b**2 + 9*b - 48. List the prime factors of h(13).
2, 5, 41
Suppose 5*a = 9*a - 608. Suppose -2*o = -6*o + a. What are the prime factors of o?
2, 19
Let d(z) = 2*z**2 + 3*z + 424. What are the prime factors of d(0)?
2, 53
Let f(h) = 12*h. Let n be f(-2). Let l = 38 + n. Let g = l - 5. List the prime factors of g.
3
Let o = 51 - -93. List the prime factors of o.
2, 3
Let j be (10/6)/((-15)/(-18)). Suppose 6*l = 3*l + 15. Suppose -l*t - j + 37 = 0. List the prime factors of t.
7
Let j = 18189 - 12921. List the prime factors of j.
2, 3, 439
Suppose 0 = -5*t - 5*j + 30, 0 = 5*t - 3*j - 0*j - 6. Suppose -3*p - 1 = -g, -5*g = p + t*p - 100. List the prime factors of g.
2
Suppose 0 = -3*t - 9, 2*t + 31 = a + 4*a. Suppose -3*x - 5*n = -90, a*x + 3*n - 109 = 41. List the prime factors of x.
2, 3, 5
Let s(d) = 3*d**2 + 4*d - 4. Let c be -2*((-3)/(-6) - 2). Let j be -1 + 0 + -6 + c. List the prime factors of s(j).
2, 7
Let u = 32 - 29. Let i(t) = 3 - u*t + 3*t - 3*t + 0*t. List the prime factors of i(-3).
2, 3
Suppose 3079 - 9919 = -9*b. What are the prime factors of b?
2, 5, 19
Suppose -4*y + 2*i = -1 - 1, i - 3 = 0. Suppose 4*x - y*r = 33 + 375, 2*x - 5*r = 212. What are the prime factors of x?
101
Let q(i) = 9*i + 2. Let b(s) = -9*s - 2. Let r(n) = -5*b(n) - 6*q(n). Let p be r(-4). Suppose 5*v - p = 3*v. What are the prime factors of v?
17
Let p be (-17 - -2)/(3/9). Let t = p - -95. What are the prime factors of t?
2, 5
Let q = 9 - 3. Suppose -q*t = -5 - 61. List the prime factors of t.
11
Let k = 187 + 1487. List the prime factors of k.
2, 3, 31
Suppose 0 = -5*d + 3*d. Let z(c) = -14*c - 10. Let u be z(-7). Suppose -t + 5*t - u = d. What are the prime factors of t?
2, 11
Suppose v - 3 = 1. Suppose -2*n = 48 - v. Let k = n + 51. List the prime factors of k.
29
Suppose 4*m = 2*j + 192, 0 = -4*m - 5*j - 6 + 170. Let c = 19 + -36. Let w = c + m. What are the prime factors of w?
29
Let l(r) = 33*r + 50. What are the prime factors of l(9)?
347
Let y be ((-6)/2)/(3/(-2)). Suppose -v - 3*r + 52 = 0, 6*v - y*v - 3*r - 148 = 0. List the prime factors of 1/(-4) - (-130)/v.
3
Let k(t) = -457*t**3 + 3*t**2 - 5*t - 6. List the prime factors of k(-1).
3, 17
Suppose -764*o + 2504 = -760*o. List the prime factors of o.
2, 313
List the prime factors of (-12)/2*(-1)/((-8)/(-5332)).
3, 31, 43
Suppose -q + 1 + 1 = 0. Let j = q + 0. Suppose 3*x = -j*r + 6 + 9, 0 = 5*r. List the prime factors of x.
5
Let c be (-4 - (-2)/(6/9))*-2. Suppose -2*a - c*v = -176, -5*v + 179 = 2*a - 4*v. What are the prime factors of a?
7, 13
Suppose 0 = -o + 2*v + 652, v + v = -3*o + 1932. What are the prime factors of o?
2, 17, 19
Suppose 30*h - 975 = 25*h. Suppose -s + 3 = -h. What are the prime factors of s?
2, 3, 11
Let d = -19 + 23. Suppose -d*p = p - 335. List the prime factors of p.
67
Let s be -2*-1*(-57)/6. Let r = 31 + s. Suppose -3*h + p + r = -18, 0 = p - 3. List the prime factors of h.
11
Let m(o) = -7*o + 46. List the prime factors of m(-24).
2, 107
What are the prime factors of (-3)/(36/(-3844)) + (-2)/6?
2, 5
What are the prime factors of (-385)/165 - (-446)/6?
2, 3
Suppose 0 = k + l - 505, 3*k - 2*k - 502 = 2*l. List the prime factors of k.
2, 3, 7
Let y(n) = -n**3 - 11*n**2 - 18*n - 53. List the prime factors of y(-10).
3
Let c(k) = 15*k**2 + 3*k + 50. What are the prime factors of c(-7)?
2, 191
Suppose 4*k - 3*k + 11 = 2*o, 16 = 3*o - k. Suppose 0 = -r - o*s + 43, -r = 4*s - 45 + 3. Let d = r - 27. What are the prime factors of d?
11
Suppose 513*z - 6004 = 509*z. List the prime factors of z.
19, 79
Let k = -8 - -15. Suppose -2*p + 218 = -2*d, 505 = 5*p - 2*d + k*d. List the prime factors of p.
3, 5, 7
Suppose -446 = -3*z + 5*w, -2*z + 4*w - 31 = -331. List the prime factors of z.
2, 71
Let x = 995 - -1. List the prime factors of x.
2, 3, 83
Let a(h) = 38*h**2 + 5*h + 5. Let y be a(-5). Suppose -6*d + d = -y. List the prime factors of d.
2, 3, 31
Let f = 3244 - 1003. What are the prime factors of f?
3, 83
Let w be (1 + 1)*108/(-24). Let v(g) = 3*g**2 + 12*g + 1. Let r be v(w). Suppose 0 = 2*m - r + 30. List the prime factors of m.
53
Suppose 0 = 5*j + 2*b - 15 - 4274, 4298 = 5*j - b. List the prime factors of j.
859
Let h = -44 + 45. Suppose 5*u + 26 = -204. Let s = h - u. List the prime factors of s.
47
Let i(w) = -43*w + 37. What are the prime factors of i(-5)?
2, 3, 7
Suppose -2*m + 2 + 2 = 0. Suppose 4*o = -2*p + 226, 119 = p - 3*o + m*o. List the prime factors of p.
3, 13
What are the prime factors of 1546 - 12 - 4/1?
2, 3, 5, 17
Suppose 0 = -2*g - 3 + 11. Suppose 5*b = 4*p + 4, 5*b = 3*p - 1 + g. Let x(z) = z**2 + z + 11. List the prime factors of x(b).
11
Suppose 4*m = 3*v - 9, 0*v = 5*v - m - 15. Suppose -5*h + 0 = -4*x - 17, -5*h - v*x + 31 = 0. What are the prime factors of h?
5
Suppose 4*h = -w + 24, -w + 0*w + 20 = 3*h. Let p(i) = -250*i + 261*i - 7*i**2 - 10 + i**3 - 2*i**2. List the prime factors of p(w).
2, 7
Let j(s) = -5*s**3 + 2*s**2 - 4*s - 5. Let o be j(-2). Let x = 18 + o. What are the prime factors of x?
3, 23
Let y(o) be the first derivative of -o**4/4 - o**3/3 - o**2 + 96*o - 3. List the prime factors of y(0).
2, 3
Let m(w) = 56